ided by 13578?
2032
What is the remainder when 737259 is divided by 3494?
25
What is the remainder when 18117139 is divided by 2009?
1986
What is the remainder when 6410273 is divided by 249?
17
Calculate the remainder when 10622 is divided by 288.
254
What is the remainder when 1347075 is divided by 1469?
2
Calculate the remainder when 174869488 is divided by 87434733.
22
What is the remainder when 95828189 is divided by 8?
5
What is the remainder when 300977 is divided by 30096?
17
What is the remainder when 159425 is divided by 3701?
282
What is the remainder when 41555 is divided by 5783?
1074
What is the remainder when 565682574 is divided by 11294?
11290
What is the remainder when 274382 is divided by 1148?
10
Calculate the remainder when 48407 is divided by 240.
167
What is the remainder when 41764 is divided by 40671?
1093
Calculate the remainder when 6517039 is divided by 85.
4
Calculate the remainder when 850850 is divided by 1235.
1170
Calculate the remainder when 35955019 is divided by 1147.
10
What is the remainder when 87663781 is divided by 422?
33
Calculate the remainder when 152726 is divided by 76282.
162
Calculate the remainder when 12007991 is divided by 5998.
5993
Calculate the remainder when 2399171 is divided by 1534.
1529
What is the remainder when 715535 is divided by 238503?
26
What is the remainder when 24397555 is divided by 220?
215
What is the remainder when 24586703 is divided by 1869?
8
Calculate the remainder when 376501 is divided by 125206.
883
What is the remainder when 91356957 is divided by 10281?
10272
Calculate the remainder when 173829 is divided by 33765.
5004
What is the remainder when 422451 is divided by 5616?
1251
Calculate the remainder when 187633326 is divided by 7688.
7686
Calculate the remainder when 42586737 is divided by 8517346.
7
What is the remainder when 241939483 is divided by 45?
43
What is the remainder when 2954408 is divided by 197?
196
What is the remainder when 1166217 is divided by 129577?
24
Calculate the remainder when 10113722 is divided by 131.
129
What is the remainder when 64175562 is divided by 1263?
6
What is the remainder when 1740954 is divided by 95?
79
Calculate the remainder when 8851075 is divided by 2212765.
15
What is the remainder when 785172 is divided by 101?
99
Calculate the remainder when 886517 is divided by 98500.
17
Calculate the remainder when 1379069 is divided by 126.
125
Calculate the remainder when 3561063 is divided by 1727.
1716
Calculate the remainder when 16443143 is divided by 7.
3
Calculate the remainder when 1115005 is divided by 278640.
445
Calculate the remainder when 4906310 is divided by 1194.
164
What is the remainder when 27049734 is divided by 1004?
970
Calculate the remainder when 960549 is divided by 50555.
4
What is the remainder when 15348766 is divided by 16?
14
Calculate the remainder when 16303752 is divided by 71.
22
What is the remainder when 42145314 is divided by 1965?
1959
Calculate the remainder when 177925910 is divided by 35.
15
Calculate the remainder when 2694500 is divided by 2372.
2280
Calculate the remainder when 419439 is divided by 27961.
24
Calculate the remainder when 2275956 is divided by 74.
12
What is the remainder when 36495372 is divided by 33?
12
Calculate the remainder when 319100 is divided by 26562.
356
Calculate the remainder when 7875111 is divided by 106.
53
Calculate the remainder when 555578154 is divided by 391.
389
Calculate the remainder when 625338 is divided by 7117.
6159
Calculate the remainder when 15022095 is divided by 182.
179
What is the remainder when 1050802 is divided by 628?
158
Calculate the remainder when 206131573 is divided by 56.
53
What is the remainder when 1013388 is divided by 16?
12
Calculate the remainder when 533075 is divided by 17187.
278
What is the remainder when 24772 is divided by 375?
22
What is the remainder when 13975341 is divided by 24137?
18
Calculate the remainder when 3448311 is divided by 552.
519
Calculate the remainder when 1338306 is divided by 7195.
36
Calculate the remainder when 524294 is divided by 11909.
298
Calculate the remainder when 110903169 is divided by 4961.
14
What is the remainder when 545941 is divided by 1121?
14
Calculate the remainder when 43528994 is divided by 3160.
3154
Calculate the remainder when 1727725 is divided by 1001.
1000
What is the remainder when 715197 is divided by 421?
339
Calculate the remainder when 5555865 is divided by 5555835.
30
What is the remainder when 845523 is divided by 845518?
5
What is the remainder when 139661 is divided by 111?
23
What is the remainder when 2257347 is divided by 77839?
16
What is the remainder when 703689 is divided by 20?
9
What is the remainder when 712874 is divided by 50?
24
Calculate the remainder when 50425199 is divided by 2900.
2899
Calculate the remainder when 4143810 is divided by 145.
0
Calculate the remainder when 17852 is divided by 16617.
1235
What is the remainder when 3277119 is divided by 608?
607
Calculate the remainder when 1163258769 is divided by 338.
335
Calculate the remainder when 122775 is divided by 10106.
1503
Calculate the remainder when 36567695 is divided by 11.
10
Calculate the remainder when 14659527 is divided by 48.
39
Calculate the remainder when 718435 is divided by 5033.
3749
What is the remainder when 3217596 is divided by 1072517?
45
Calculate the remainder when 1000125 is divided by 62.
3
What is the remainder when 1311230 is divided by 611?
24
Calculate the remainder when 2271199 is divided by 24.
7
Calculate the remainder when 1533862 is divided by 180.
82
Calculate the remainder when 407945 is divided by 577.
6
What is the remainder when 7129511 is divided by 16735?
401
What is the remainder when 819370 is divided by 1956?
1762
Calculate the remainder when 928728 is divided by 1043.
458
What is the remainder when 336481 is divided by 1517?
1224
What is the remainder when 200803 is divided by 200510?
293
What is the remainder when 6011127 is divided by 9277?
8908
What is the remainder when 294801704 is divided by 22?
10
Calculate the remainder when 253367 is divided by 83976.
1439
Calculate the remainder when 10408 is divided by 1822.
1298
Calculate the remainder when 19553 is divided by 8939.
1675
What is the remainder when 1929813 is divided by 257?
0
What is the remainder when 237464372 is divided by 7?
5
What is the remainder when 8325604 is divided by 3485?
3424
Calculate the remainder when 3749822 is divided by 76519.
391
Calculate the remainder when 7687659 is divided by 7687625.
34
Calculate the remainder when 1385755 is divided by 1410.
1135
Calculate the remainder when 962221 is divided by 320587.
460
What is the remainder when 42318292 is divided by 2115914?
12
What is the remainder when 33901183 is divided by 4237645?
23
What is the remainder when 4854018143 is divided by 804?
803
Calculate the remainder when 81648448 is divided by 170.
168
Calculate the remainder when 8597871 is divided by 241.
196
What is the remainder when 3049454 is divided by 5083?
4737
What is the remainder when 234096 is divided by 116683?
730
What is the remainder when 997533 is divided by 921?
90
What is the remainder when 178348390 is divided by 43?
42
What is the remainder when 31187064 is divided by 45?
39
Calculate the remainder when 49094638 is divided by 9454.
16
What is the remainder when 46918356 is divided by 191?
161
Calculate the remainder when 458058 is divided by 457988.
70
Calculate the remainder when 175222 is divided by 175190.
32
What is the remainder when 11344580 is divided by 452?
284
Calculate the remainder when 197587 is divided by 49324.
291
What is the remainder when 42666919 is divided by 2509818?
13
What is the remainder when 123747181 is divided by 3608?
3605
What is the remainder when 56446 is divided by 490?
96
Calculate the remainder when 1455692 is divided by 83.
38
Calculate the remainder when 12592375 is divided by 9.
7
Calculate the remainder when 72074097 is divided by 70.
67
What is the remainder when 35033039 is divided by 11?
8
Calculate the remainder when 5435542 is divided by 776502.
28
What is the remainder when 234289 is divided by 25960?
649
What is the remainder when 1477902 is divided by 243?
219
What is the re